
Let k be (-8)/(-20)*15/3. Let r be -16*(k/(-4) - 1). Let u = 50 - r. What are the prime factors of u?
2, 13
Let j = -1514 + 4640. What are the prime factors of j?
2, 3, 521
Let h(f) = 6*f**3 + 6*f**2 - 6*f + 1. Let d = -85 - -88. List the prime factors of h(d).
199
Suppose 7*r - 12 = 3*r. Let p = r - -2. Suppose 31 = p*z - 19. What are the prime factors of z?
2, 5
Suppose 8*k - 26 = -746. Let w = k - -192. List the prime factors of w.
2, 3, 17
Let t be -3 + 5 + (582 - -5). Let v = t + -264. What are the prime factors of v?
5, 13
Let s be 244 + (1 - (-2 + 5)). Suppose -2*z + s = 3*g + 2*g, 4*z - 520 = -g. What are the prime factors of z?
131
Let v(m) = -6*m + 0 - 4 + 1. Let g be v(-9). Let p = -33 + g. What are the prime factors of p?
2, 3
Let u(g) = -4*g - 1. Suppose -8 + 3 = k. Let z be u(k). Suppose -4*a + 91 = z. What are the prime factors of a?
2, 3
Let d be (-14)/(-4 - -3 - 1). Suppose 14*p - d*p - 728 = 0. What are the prime factors of p?
2, 13
Let n = 2 + -5. Let k be 2 - -1 - (2 + n). Let a = k + -2. What are the prime factors of a?
2
Suppose -7*c + 24 = -3*c. Let r be ((-460)/(-8))/5*c. Suppose -r = -k - 24. List the prime factors of k.
3, 5
Let f = 281 + -75. List the prime factors of f.
2, 103
Suppose -2970 = 4*f - 514. What are the prime factors of f/(-10) - 3/(-5)?
2, 31
Let w(n) = -n**3 - 2*n**2 - 4*n + 9. List the prime factors of w(-7).
2, 3, 47
Let v = 1105 - -510. List the prime factors of v.
5, 17, 19
Let d = -67 + -27. Let i = 176 + d. List the prime factors of i.
2, 41
What are the prime factors of -5*(-9)/(90/742)?
7, 53
What are the prime factors of 1 + -2 - -4 - (-774)/2?
2, 3, 5, 13
Suppose -s + 717 = 210. What are the prime factors of s?
3, 13
Suppose -1047 = 110*o - 113*o. What are the prime factors of o?
349
Suppose 20 = 15*x - 19*x. Let g be 1*(-29 - -1) - 1. Let z = x - g. List the prime factors of z.
2, 3
Suppose -14*c + 44 = g - 11*c, 2*c + 106 = 4*g. What are the prime factors of g?
29
Suppose 6*a - 26*a + 10980 = 0. List the prime factors of a.
3, 61
Let u be 19 - (2 - 0 - -1). Let m be -5*(0 + u/20). What are the prime factors of (46/m)/((-1)/2)?
23
Let l = 2051 - 1458. What are the prime factors of l?
593
Suppose 2*w = w, 0 = 3*a + 4*w - 27. Let j(b) be the third derivative of b**6/120 - 3*b**5/20 + b**4/8 + 2*b**3/3 + b**2 + 45. List the prime factors of j(a).
31
Let w = -2116 + 3496. List the prime factors of w.
2, 3, 5, 23
Let w = 16 - 16. Let f be w*(-4)/(-8)*2. Suppose -4*i - 4*t + 2*t + 10 = f, 4*t + 25 = i. What are the prime factors of i?
5
Let s(g) be the third derivative of g**5/60 - g**4/8 + 5*g**3 - 30*g**2. What are the prime factors of s(-8)?
2, 59
Let y(f) be the first derivative of f**4/6 + 4*f**3/3 - 2*f**2 - 1. Let g(b) be the second derivative of y(b). List the prime factors of g(7).
2, 3
Let f = 96 - 88. Let u(s) = -s**3 + 7*s**2 + 21*s - 14. What are the prime factors of u(f)?
2, 3, 5
Let j(q) = q**2 - 14*q - 46. What are the prime factors of j(-9)?
7, 23
Let z be -200 - (1 - 1/1). Let d(q) = 2*q**2 + 17*q - 8. Let m be d(-9). List the prime factors of (m/2)/((-5)/z).
2, 5
Suppose -5*f = 3*j - 85, 5*j + 34 = -4*f + 102. Let z(q) = -3 - 47*q - 6 + 5 - f*q. List the prime factors of z(-1).
2, 3, 5
Suppose 0 = -49*s - 1953 + 6314. What are the prime factors of s?
89
Let a be -8 - (0 + (-4 - -3)). Let r be 30/7 + 2/a. Suppose -41 = -s + r*y, -4*s + 139 = s + 2*y. What are the prime factors of s?
29
Suppose 82236 + 61278 = 34*b. What are the prime factors of b?
3, 7, 67
What are the prime factors of (4 + (-17830)/(-15))*(-3)/(-2)?
1789
Let w(x) = -49*x - 1028. What are the prime factors of w(-59)?
3, 23
Suppose 37*i = -262 + 2260. What are the prime factors of i?
2, 3
Let o = 50 + 82. Let b = -64 + o. List the prime factors of b.
2, 17
List the prime factors of (7845/(-25))/(6/(-20)).
2, 523
Let u be (-1 - 31)*42/(-12). Let g = u - 56. What are the prime factors of g?
2, 7
What are the prime factors of 6/(-21) + (-184380)/(-147)?
2, 3, 11, 19
Let z(m) = m**2 - 6*m - 2. Let a be z(7). Suppose -a*g = -4*k + 21, 2*g + 2 = -0. Suppose 4*r = 3*h - k*h - 15, 5*r = -5*h. What are the prime factors of h?
5
Suppose 0 = 5*m - 2*b - 12, 3*m - 3*b = b - 4. What are the prime factors of (-31)/(7 - m - 4)?
31
Let y = 0 - -9. Suppose -j + 0*j + 2 = 5*x, -3*x - y = 4*j. Let p(k) = -10*k - 10. List the prime factors of p(j).
2, 5
What are the prime factors of (-97696)/(-40) + (-18)/45?
2, 3, 11, 37
Suppose f - 293 = -2*m, 0*f + 2*m + 1162 = 4*f. What are the prime factors of f?
3, 97
Suppose h + 991 = 4*g, 5*g - 5*h - 1004 = 231. List the prime factors of g.
2, 31
Let j(o) = -119*o**2 + 127*o**2 + 1 + o**3 - 2*o + 8*o. List the prime factors of j(-6).
37
Let x = -329 - -655. What are the prime factors of x?
2, 163
Let d(v) = -v**3 + 9*v**2 - 11*v + 10. Let k = 2 + 5. Suppose 0 = -b + k. What are the prime factors of d(b)?
31
Suppose 0 = -4*z - 2*j + 988, -5*z - j + 638 + 591 = 0. List the prime factors of z.
5, 7
Suppose 3*w + 0 = 6. Suppose 14 = -y + 4*k, -3*y + 0*k = w*k. List the prime factors of (y + (-30)/(-2))*2.
2, 13
Suppose -15*b = -4*b - 4521. List the prime factors of b.
3, 137
Let c = -92 + 80. Let x = 47 - 66. Let t = c - x. What are the prime factors of t?
7
Suppose 3*y = 5*a - 75, -2*a - 3*y = -4*y - 31. Let r = 10 + -7. Suppose a = r*w - 6. List the prime factors of w.
2
Let h(m) = 5*m + 34. Let j be h(-14). What are the prime factors of 140/(-3)*54/j?
2, 5, 7
Let d be 3/(-1) + 14 + -15. What are the prime factors of -188*(d - (-3)/1)?
2, 47
Suppose -3*r - 4*s + 7*s + 15 = 0, -2*r + 4 = s. Suppose 0*d - 3*g + 9 = 2*d, g - 3 = r*d. Let n = d + 11. List the prime factors of n.
11
Let z = 1171 + -1030. What are the prime factors of z?
3, 47
Let p(k) = -k**3 - 13*k**2 - 12*k. Let t be p(-12). Suppose h + 4*h = 40. Suppose t = -h*r + 5*r + 60. What are the prime factors of r?
2, 5
Suppose 0 = -7*t + 3*t - 72. Suppose -6 = 6*d - 3*d. Let g = d - t. List the prime factors of g.
2
List the prime factors of ((-1)/1)/(((-160)/(-2530))/(-16)).
11, 23
Let r(x) be the first derivative of 15*x**2/2 - 3*x - 14. What are the prime factors of r(6)?
3, 29
Let x be 14 + -5 - -4 - (4 + -1). Suppose -2*n + x = 0, -6*l + 354 = -2*l + 2*n. What are the prime factors of l?
2, 43
Suppose -2*z + 6*z - 4 = 0. Let a = z + 1. Suppose a*c = 5*c + 3*f - 27, 2*c + f - 23 = 0. What are the prime factors of c?
2, 7
Let v = 5 - 5. Suppose 4*o - 4*d = 0, v*d = 3*o + 2*d - 5. Suppose 0 = q - o - 32. List the prime factors of q.
3, 11
Let f = 1493 - 1255. What are the prime factors of f?
2, 7, 17
Let w = 1607 + -1002. List the prime factors of w.
5, 11
Let k(l) = 4*l - 9 - 5*l - l - l. Let z be k(-4). Suppose z*p - 22 - 47 = 0. List the prime factors of p.
23
Let q(v) = -v**3 + 3*v**2 + 12*v - 6. Let a be q(5). Suppose a*i - 3*b + 36 = 435, -i + 91 = b. List the prime factors of i.
2, 3
Let s = -39 + 43. Suppose -245 = -5*a - h, -2*a + 2 + 74 = -s*h. List the prime factors of a.
2, 3
Let x = 82 + -102. Let k(q) = q**2 + 18*q - 9. List the prime factors of k(x).
31
Let m(u) = -u**2 - 3*u. Let l be m(-6). Let y(q) = -12*q**2 - 6*q + 4. Let p be y(-2). What are the prime factors of p/(-6)*l/(-8)?
2, 3
Let a(w) = -w**2 - 5*w - 4. Let v be a(-4). Suppose v = 5*c + 4*d - d - 43, -3*c + 27 = 3*d. What are the prime factors of c*(-1 - (-15)/4)?
2, 11
Let l(y) = y**3 - 2*y**2 - 2*y. Let x be l(2). Let r(n) = -18*n - 2. List the prime factors of r(x).
2, 5, 7
What are the prime factors of 73*6/36*6?
73
Let x(s) = s**3 - 11*s**2 - 8*s - 28. Suppose 24 = 2*c - 0. What are the prime factors of x(c)?
2, 5
Let x = -16 - -23. Let i = x + -5. List the prime factors of ((-8)/32)/(i/(-40)).
5
Suppose 4*r - 264 - 600 = 0. Suppose 0 = 10*v - r + 16. What are the prime factors of v?
2, 5
Let f(j) = 2*j - 3. Let w(s) = -2*s + 3. Let l(h) = -5*f(h) - 6*w(h). What are the prime factors of l(3)?
3
Suppose 8*o + 375 = 1295. Let u = o - 78. List the prime factors of u.
37
Suppose -4*t + 8151 = 3*w, -34*w + 6132 = 3*t - 38*w. List the prime factors of t.
2, 3, 5, 17
Let f(g) = 5*g - 9. Let j(o) = 11*o - 17. Let d(y) = -9*f(y) + 4*j(y). Let v be d(12). What are the prime factors of 156/6 + 0/v?
2, 13
Let q = 3 + -8. Let p be 2/q + 2571/15. Suppose -4*c +